 4*d = -23. What is the remainder when ((-7)/(-4))/(l/84) is divided by 12?
9
Suppose 0 = -2*s - h - 4, -3*h - 6 = -2*s - 2. Let o = s + 14. What is the remainder when 37 is divided by o?
11
Suppose -i - 1 = -11. Let y = i - 5. Suppose -y*c - 50 = -2*h, 0*h + h - 35 = 5*c. Calculate the remainder when h is divided by 8.
7
Suppose 2*r = 0, -j - 2*j + 15 = r. Suppose -j*i + 4 = -51. Calculate the remainder when 31 is divided by i.
9
What is the remainder when 19 is divided by ((-2)/6)/((-6)/90)?
4
What is the remainder when 15 is divided by (1/(-2))/((-6)/72)?
3
Suppose 4*t + 166 - 326 = 0. What is the remainder when t is divided by 7?
5
Let i = -28 + 32. What is the remainder when (4 - 3)/((-2)/(-22)) is divided by i?
3
Let h(k) = k + 3. Suppose 0 = 2*w - j - 58, -w + 29 = -3*j + j. Calculate the remainder when w is divided by h(7).
9
Suppose 0 = -0*x + 3*x - 114. Suppose 5*o - x = -b, 4*b + 0*o - 57 = -o. Calculate the remainder when b is divided by 5.
3
Suppose 0 = y + 2*g - 26, 2*g - 7*g = -3*y + 78. Suppose 18 = -a + 27. What is the remainder when y is divided by a?
8
Suppose 0 = -5*b + 1 - 61. Let r = b + 14. What is the remainder when 6 is divided by r?
0
Suppose -4*j + 3 + 1 = 0, 19 = 3*m + 4*j. Let p = 0 + m. Let q = 11 - p. Calculate the remainder when 17 is divided by q.
5
Suppose -11 = -2*b + 1. Suppose 3*u - n - 14 = 0, 3*n = -4*u + 2*n + 14. Suppose 0*a = -a + u. What is the remainder when b is divided by a?
2
Let a = 6 + -4. Suppose a + 22 = 4*g. What is the remainder when 2 is divided by -2 + g + 0 + -3?
0
Let h = 7 + 8. Let b be (3 - -1)/((-5)/(-20)). Let s = b - 8. What is the remainder when h is divided by s?
7
Suppose 5*k = -3*n + 157, -4*k + 2*n + 124 = 4*n. Suppose 7*q - 3*q = 12. Suppose -q*o - 60 = -7*o. Calculate the remainder when k is divided by o.
14
Let t = -3 + 45. Calculate the remainder when t is divided by 11.
9
What is the remainder when 42 is divided by 1/((-1 + -3)/(-44))?
9
Let c(z) be the second derivative of -z**4/12 - 3*z**3/2 - 3*z**2/2 - 13*z. Let k be ((-16)/6)/(1/3). Calculate the remainder when 13 is divided by c(k).
3
Let r be (2 + -2 - -2) + 0. Let d be (-2)/r - (-6)/2. Calculate the remainder when 1/d - 97/(-2) is divided by 17.
15
Let h = 44 - -29. What is the remainder when h is divided by 15?
13
What is the remainder when (-1)/(-2)*12*9 is divided by 14?
12
Let q(c) = -c**3 + 19*c**2 + 20*c + 24. Calculate the remainder when 109 is divided by q(20).
13
Suppose -4*z = -7*z + 6. Let p = -2 + z. What is the remainder when 2 is divided by (1/(-1) + p)/(-1)?
0
Suppose -7*t = -76 - 29. What is the remainder when 57 is divided by t?
12
Let h(w) = -4*w - 4. Suppose 3*u + 4 = 2*u. What is the remainder when 23 is divided by h(u)?
11
Let v = 50 + -36. What is the remainder when (-2845)/(-35) - 4/v is divided by 21?
18
Let u = 73 - 52. Calculate the remainder when u is divided by 12.
9
Let v = 54 - 41. Calculate the remainder when 49 is divided by v.
10
What is the remainder when 31 + 4 + (-2 - -4) is divided by (-2*1)/(1/(-10))?
17
Suppose -5*i + 10*i = 20. Calculate the remainder when i is divided by 2/(-6)*(-14 + 2)/2.
0
Suppose -12 = 4*h - 4. Let x be h*(-5)/2 + -1. Suppose -3*w + 17 = -x. Calculate the remainder when 20 is divided by w.
6
Let f be -3 + (-5)/((-5)/26). Suppose 0*y = -y + 5*d - f, 0 = -y + 4*d - 18. What is the remainder when y is divided by 1?
0
Suppose 4*x = -x + 50. Suppose 2*p + 3*i - 49 = 0, -p - i - 11 = -37. What is the remainder when p is divided by x?
9
Let n be ((-40)/6)/((-3)/9). Suppose -x = -n - 16. Let q(d) = d**2 - d + 19. Calculate the remainder when x is divided by q(0).
17
Suppose -2*v = -5*t + 38, t = 2*v - 3*v + 9. Calculate the remainder when 19 is divided by t.
3
Let x be (36/8)/(2/(-12)). Let w = x + 43. Calculate the remainder when 62 is divided by w.
14
Let d = 14 + -20. Calculate the remainder when d/(-15) - 28/(-5) is divided by 4.
2
Suppose -6 = -3*l - 4*v, 3*v + 3 = -l - 0*v. Calculate the remainder when 19 is divided by l.
1
Let q be (-2 - 3)*6/(-10). Suppose -q = j - 4. What is the remainder when j is divided by 1?
0
Let q(c) = -c**2 + 6. Let u be q(-8). What is the remainder when 40 is divided by (-1)/2 + u/(-4)?
12
Let x(o) = -o**2 + 8*o - 4. Suppose -3*b = -4 - 11. Suppose 5*p + l - 35 = 0, 28 = 3*p - 3*l + 5*l. Calculate the remainder when x(b) is divided by p.
5
Calculate the remainder when 221/4 + (-6)/(-8) is divided by 29.
27
Let t(f) = -f**3 - 12*f**2 + 11*f + 15. Let a be (-1)/(1*1/9). Let k = 20 + a. What is the remainder when t(-13) is divided by k?
8
Let z(r) = 16*r + 13. What is the remainder when z(7) is divided by 21?
20
Suppose 24 = -3*r + 9. Let m(v) = -v + 6. What is the remainder when m(4) is divided by ((-10)/(-50))/((-1)/r)?
0
Calculate the remainder when 98*2*3/12 is divided by 13.
10
Let z(p) = 37*p - 204. Suppose -3*s = -60 - 39. Calculate the remainder when s is divided by z(6).
15
What is the remainder when (13/2)/((-2)/(-4)) is divided by 4?
1
Let o = 160 - 131. Calculate the remainder when o is divided by 5.
4
Let x(s) = -s**3 - 3*s**2 + 4. Let v be x(-3). Let k = v + -4. Suppose i = -k*i + 11. What is the remainder when 21 is divided by i?
10
Let f be 8/3*3/2. Suppose z - 10 = -f*z. What is the remainder when 19 is divided by 2*(0 - (-7)/z)?
5
Let n(i) = -3*i. Let z be n(6). Let y(x) = x**2 - x + 6. What is the remainder when y(5) is divided by (-1)/(-2*(-1)/z)?
8
Suppose 0 = b - 3*b + 6, 4*z + 2*b = 78. Let d = -3 + 13. Calculate the remainder when z is divided by d.
8
Let t = -1 + 1. Suppose 4*b - l = 10, 0 = 4*b + 3*l + 2*l + 2. Suppose t*f - b = -f. What is the remainder when f is divided by 2?
0
Suppose 5*v + 0*v = 35. Calculate the remainder when 13 is divided by v.
6
Suppose 4*d - 7*d + 138 = 0. Calculate the remainder when 91 is divided by d.
45
Let m = -72 + 86. What is the remainder when 97 is divided by m?
13
Suppose 42 = 2*z + 4*z. Calculate the remainder when z is divided by 2.
1
Calculate the remainder when 16 is divided by (6/(72/(-4)))/((-1)/18).
4
Suppose o + 2 = -2. Let t = o - -6. Suppose 10 = 3*l + t*l, 2*l = 5*x - 56. What is the remainder when 22 is divided by x?
10
Let t = 177 + -125. Suppose 4*r + 5*x = t, 4*x - 31 + 83 = 4*r. What is the remainder when 38 is divided by r?
12
Suppose 2*c - 10 = 0, -30 = 2*w + 3*w + 5*c. Let r = 16 + w. Suppose -12 = r*z - 67. What is the remainder when z is divided by 6?
5
Let o = -7 - -5. Let n be (-2)/o + 2/1. Suppose -n*f = 7 - 31. What is the remainder when 13 is divided by f?
5
Suppose -92 = -3*d + 5*q, 7*d = 4*d - 3*q + 132. What is the remainder when d is divided by 25?
14
Let r(v) = 29*v - 1. Let g be r(1). Suppose 2*w - 6 + 4 = -a, 4*a = 2*w + g. Calculate the remainder when a is divided by 4.
2
Let s(o) = o**3 + 4*o**2 - 5*o. Let d be s(-5). Suppose -2*r + 3*z = -d*r - 35, 4*z + 77 = 5*r. Let n = 33 - 9. Calculate the remainder when n is divided by r.
11
Suppose 4*i = 3*v - 14, v + 4*i + 22 = -0*v. What is the remainder when 7 is divided by v/6 + 10/3?
1
Let g be 1 - -3 - 1 - -2. Suppose -3*y + 0*y + 140 = 5*u, u - 4*y = g. Calculate the remainder when 97 is divided by u.
22
Let y = 7 - 9. Let d be 1*((19 - y) + -1). Suppose -8 = -4*c - 4*v, d = 5*c - c + v. Calculate the remainder when 11 is divided by c.
5
Let s = 98 - 65. Calculate the remainder when 195 is divided by s.
30
What is the remainder when 25 is divided by 13 - 1/((-4)/(-12))?
5
Suppose 2*k = -0*k + 12. Calculate the remainder when k is divided by 4.
2
Let c(q) be the second derivative of -q**4/12 - 5*q**3/3 - 3*q**2 - 2*q. Let u = 1 - -5. Calculate the remainder when c(-8) is divided by u.
4
Calculate the remainder when 147 is divided by ((-85)/10)/(2/(-12)).
45
Let p(z) = -4*z - 4. Let o be p(-6). Suppose -u = -6*u + o. Suppose -u*x - 3*f = 108 - 288, -140 = -3*x - f. What is the remainder when x is divided by 17?
14
Suppose c + 4*p = -4, 5*c + 0*p - p - 1 = 0. Suppose a - 10 - 3 = c. What is the remainder when 38 is divided by a?
12
Let l(d) = 5*d. Let v be l(1). Suppose 4*g = -2*f + 8, -2*g - g + v*f + 32 = 0. Calculate the remainder when 9 is divided by g.
1
Let h(m) = m**3 + 6*m**2 - 4. Suppose -i + 4 = 3*a - 0, -5*a = 4*i - 2. What is the remainder when h(-5) is divided by -9*(-2 - -1